the first derivative of -d**3/3 - 3*d**2 + 6*d - 2180. Give h(-5).
11
Let d(f) = f**2 - 4*f - 2. Let n(p) = 2*p - 13. Let w be n(6). Let k be (-15)/(-4) + w/(-4). Calculate d(k).
-2
Let n(s) = 7*s - 14. Let i(r) = -10*r + 21. Let h(j) = 5*i(j) + 7*n(j). Let l(c) = 26*c - 296. Let y be l(12). Let p be -11 + 19 + (11 - y). Give h(p).
4
Let h be (-206)/(-14) + 2/7. Let l = h - 8. Let t(g) = 1038*g - 1952*g + 455*g + 460*g - 2. Determine t(l).
5
Let d(u) = 2*u + 61. Let s be d(-8). Suppose -24*m + 19*m = s. Let o(t) = t**2 + 6*t - 11. Determine o(m).
16
Let m(q) = -q**3 - 5*q**2 - 2*q - 3. Let i = -20 + 18. Let b be i + 0/5 - -4. Let v be ((-2 - -2) + (-5 - -3))*b. What is m(v)?
-11
Let x(u) = u**3 + 5*u**2 - u. Let w(m) = -7*m**3 - 39*m**2 + 15*m - 19. Let i(v) = -w(v) - 6*x(v). Determine i(-10).
9
Suppose 10 = -4*u + 7*v, 17*u - 13*u - v + 22 = 0. Let n(s) = -2*s**3 - 10*s**2 + 18*s + 6. What is n(u)?
-30
Let u(s) = -25*s + 11. Let a(j) = 9*j - 4. Let b(f) = -11*a(f) - 4*u(f). Let k(q) = q**2 + 9*q - 10. Let t(l) = -b(l) - k(l). What is t(-11)?
-1
Let s(w) be the second derivative of -w**5/60 - w**4/12 + 7*w**3/6 - 57*w. Let j(g) be the second derivative of s(g). Calculate j(0).
-2
Let c = -11 + 11. Suppose c = 14*r + 26 - 12. Let o(g) = -4*g**2 - 5*g**2 + 3 - 2 + g. Give o(r).
-9
Let d(a) = 3*a + 1. Let c(y) = -y**3 - 5*y**2 - 2*y + 9. Suppose -5*b + o - 21 = 0, -15 = 3*b + o - 4*o. Let z be c(b). What is d(z)?
4
Let f(j) = j**2 - 1. Let w(d) = -d**3 - 14*d**2 - 6*d - 4. Let y(g) = 6*f(g) + w(g). Suppose 0 = 27*o - 23*o + 1104. Let z = o + 269. What is y(z)?
-17
Let q(b) = 48. Let v(z) = -3*z + 2. Let x(f) = -q(f) + 5*v(f). Give x(-4).
22
Let q(t) = 66*t - 64. Suppose 0 = 24*a - 96 + 72. Determine q(a).
2
Let y(x) = x**3 - 101*x**2 + 386*x + 193. Let q be y(97). Let u(f) = -10*f**3 - 2*f**2. Give u(q).
8
Let x(i) = 36 - 18 - 3*i - 51 + 35. Let a(b) = 3*b + 20. Let f be a(-6). Calculate x(f).
-4
Let m(s) = 4*s - 1. Suppose -19*h + 15*h = -2*b - 4, 4*h - 14 = -3*b. What is m(b)?
7
Suppose 46452 = v + 46449. Let y(i) = -22*i + 15. Determine y(v).
-51
Let d(s) = -s**3 + 7*s**2 + 8*s + 3. Let r = -7294 + 7301. What is d(r)?
59
Let k(z) = 101*z**2 + 66 - 35*z**2 - 64*z**2 + 25*z. What is k(-9)?
3
Let o = 77 + -61. Suppose o = 19*r - 21*r. Let f(t) = t**3 + 8*t**2 - 2. What is f(r)?
-2
Suppose -5*j = 3*b + 1462, -2*b = -j + 254 + 725. Let t = 494 + b. Let n(q) = -2*q + 4. Determine n(t).
-6
Let j(n) = -3*n + 4. Let g(f) = -1. Let h(z) = -4. Let d(b) = 3*g(b) - h(b). Let p(q) = 5*d(q) - j(q). Let c = -417 - -416. Determine p(c).
-2
Let a(p) be the third derivative of -p**4/8 + 41*p**3/6 - 23*p**2 + 2*p. Determine a(10).
11
Let u(w) = -2*w + 5. Let y be u(-2). Suppose 5*b = y*b. Let n(d) = d - 5*d**2 + d**3 - 5 + 2 + b*d. Give n(5).
2
Suppose 14*t = 9*t. Let i be t/((2 - 8) + 4). Let d(j) = -j + 3. Determine d(i).
3
Let b(s) = 15*s + 5. Let x(i) = 6 + 204*i - 95*i - 93*i. Let c be 1/((-2)/(-5))*-2. Let t(w) = c*b(w) + 4*x(w). Calculate t(2).
-23
Suppose -3003 = -0*j - 211*j - 62*j. Let n(a) be the first derivative of a**2/2 - 21*a + 2. Determine n(j).
-10
Let f(o) be the first derivative of -o**4/4 + 6*o**3 + 10*o**2 - 20*o - 1805. Calculate f(19).
-1
Let x(o) be the first derivative of -o**4/4 + 38*o**3/3 - 17*o**2 - 115*o - 1247. Determine x(37).
-4
Let v(y) = -19*y + 418. Let d be v(22). Let p(f) be the third derivative of 0 + 1/2*f**3 + d*f + 7*f**2 + 1/12*f**4. Calculate p(-3).
-3
Let r(g) = -g**2 - 16*g + 17. Suppose 3812*d = 3936*d + 2232. Give r(d).
-19
Let u(x) = -3*x + 54 + 7 - 12 - 28 + 49. Calculate u(25).
-5
Let t = 51 - 49. Suppose 0 = -0*h + 3*h - b - 11, -h - t*b = 1. Suppose c + 2*n - 2 = 0, -2*n - 8 = -h*c - 6*n. Let s(y) = y**3 - 6*y**2 + 5*y. What is s(c)?
-12
Let u be 14*((-68)/28)/(-1). Let j(z) = -z**2 + 35*z - 37. Determine j(u).
-3
Let t(r) = -3*r - 5*r**2 - 19*r**2 + 32*r**2 - 9 + r**3. Suppose -p = -3*p - 16. Give t(p).
15
Let z(w) = w**2 - 4*w - 4. Suppose 5*k + 36 = 4*k. Let x be (-7)/(56/k)*(-8)/(-12). Give z(x).
-7
Let w(s) = s**2 + 3*s + 2. Let z be w(-4). Suppose -12 - z = -3*k. Let m(u) be the third derivative of u**4/12 - 5*u**3/6 - 2*u**2 - 22*u + 12. Calculate m(k).
7
Let l(m) = m**3 + 7*m**2 - 10*m - 4. Suppose -11*w - 642 = -14*w. Let b = w + -222. Determine l(b).
12
Let f(s) = -11*s**2 + 13 - 2 - 11. Let z(u) = -u**2 + 8*u - 2. Let d be z(8). Let p(t) = -t**2 - t + 1. Let k be p(d). Calculate f(k).
-11
Let j = 133 - 137. Let x be ((-6)/(-10))/(j/(-40)). Let i(q) = q**2 - 4*q + 6. What is i(x)?
18
Let c(y) be the first derivative of -7*y**3/3 + 6. Suppose -6755 = -2*r - 6753. Give c(r).
-7
Let y(p) = -2*p**2 + 50*p + 14. Let a(s) = s**2 + 339*s - 2397. Let z be a(7). What is y(z)?
14
Let l(z) = -479*z - 48 + 234*z + 244*z + 15. Calculate l(-17).
-16
Let x(u) = u**3 + 4*u**2 - 4*u + 3. Let j be (140/(-21) - -6)/((-2)/12). Suppose j*z + 4*r = 136 + 292, 2*z - 196 = 4*r. Let y = 99 - z. Give x(y).
-2
Let k(j) = -46 + 2*j**2 - 13*j + 44 + 10*j + 4*j**3. Let s = -16 + 14. Determine k(s).
-20
Suppose 0 = -h - g - 8, 0 = -2*h + 2*g - 8 - 16. Let d(m) = -m**3 - 9*m**2 + 10*m - 9. Give d(h).
-9
Let v(a) = -2*a - 7. Let o(z) = -3*z. Let b(q) = 19*q - 29. Let r(f) = b(f) + 6*o(f). Let k be r(27). Calculate v(k).
-3
Let z be (-1 - -2)/(-1) - 5. Suppose 24 = 9*x - x. Let h(k) = 3*k + 4*k**x - 5*k**3 + 11 - 5 - 6*k**2. Give h(z).
-12
Let w(l) = -8*l**2 + 15*l + 14. Let m(d) = -2*d**2 - 67*d - 97. Let c be m(-32). Let y be w(c). Let x(b) = b**3 + 8*b**2 - 7*b + 9. What is x(y)?
-9
Let o(f) = -2 + 14156*f**2 + 0*f**3 - 14165*f**2 + f**3. Let r = -61 - -70. Determine o(r).
-2
Let d(o) be the first derivative of -o**3/3 + 3*o**2/2 + 6*o - 17. Suppose -3*p = 3*u - 4*p - 15, -22*p = -19*p. Give d(u).
-4
Let y(x) = 3*x + 2. Suppose -3*g + 14 = 4*g. Let h be 3 - -2 - 2 - (g + 4). Let l(s) = -s**2 + 6*s + 3. Let d(f) = h*l(f) + 5*y(f). Calculate d(2).
7
Let g(x) be the second derivative of -x**7/840 + 7*x**6/360 - x**5/24 - x**4/8 - 21*x**3/2 + 94*x. Let n(v) be the second derivative of g(v). Determine n(6).
3
Let i(s) = -7*s**3 - 25*s**2 - 2*s - 17. Let j be ((-8)/12)/((-8)/(-108)). Let n(g) = -3*g**3 - 12*g**2 - 9. Let v(k) = j*n(k) + 4*i(k). What is v(7)?
6
Let b(g) be the first derivative of 20/3*g**3 + 0*g + 0*g**2 - 7/24*g**4 - 6 - 1/120*g**5. Let f(o) be the third derivative of b(o). Give f(-5).
-2
Let j(k) = -k**2 - 5*k - 22. Suppose 2382*t + 97 = 2355*t - 11. Calculate j(t).
-18
Let g(j) = 254 + 42 - 5 - 5771*j + 5816*j + j**2. What is g(-8)?
-5
Let q = -6 - -11. Let c(b) = b**2 - 12*b + 7. Let d be c(12). Let s(a) = -a - d + 0 + 3*a + 0*a. Give s(q).
3
Let h(b) be the first derivative of -b**3/3 + b**2/2 + 40*b + 4705. Determine h(0).
40
Suppose -r + 5*r = -28. Let j(w) = -w**2 + 7*w + 7. Let n(f) = -3*f**2 + 14*f + 15. Let m(c) = 5*j(c) - 2*n(c). Determine m(r).
5
Let a(v) be the second derivative of -v**5/20 + 5*v**4/6 - 2*v**3 + 11*v**2 + 18*v - 15. What is a(9)?
-5
Let l(b) = -4*b**2 - 4*b - 2. Suppose -24*v - 49*v + 1752 = 0. Let o(h) = h - 1. Let z be o(3). Suppose 4*q + v = 4*i, -z*i = -q - 4 - 6. Give l(q).
-10
Let r(k) be the second derivative of k**5/20 - k**4/4 - 10*k**3/3 + k**2/2 - 7*k + 60. Determine r(6).
-11
Let s(p) = 3*p**2 - 2 - 7*p + 4 - 2*p**2. Suppose 0 = 1029*y - 986*y - 301. Calculate s(y).
2
Suppose 0 = -2*j + 4 + 8. Suppose -113*u + 115*u - 6 = 0. Suppose h + j = -h - v, 12 = -u*h - 3*v. Let r(m) = m**2 - m + 2. Give r(h).
8
Let l be (-6)/(-4) + 3*25/(-30). Let j be ((-10)/(-4) - l)*(-264)/(-154). Let v(r) be the first derivative of -r**2/2 + 6*r - 2. What is v(j)?
0
Let b(v) be the first derivative of v**2 - 10*v + 6. Let g be b(5). Let x(r) = r + g*r + 0*r - 7*r**2. Determine x(1).
-6
Let l(c) be the third derivative of 1/12*c**4 - 95*c**2 - 1/6*c**3 + 0 + 0*c + 1/10*c**5. Calculate l(-2).
19
Let j(u) be the first derivative of u**4/4 + 7*u**3/3 - 18*u - 4971. Give j(-6).
18
Let q = -25 + 28. Suppose 0 = -y - q*y. Let a(k) be the second derivative of -k**4/12 - k**3/6 + k**2 - 5*k. Determine a(y).
2
Let r = 24036 - 24054. Let x(d) = 2*d**3 + 38*d**2 + 39*d + 57. Calculate x(r).
3
Let h(f) = 6*f**3 - 22*f**2 - 12*f - 17. Let r be h(4). Let k(a) = a**2 + 36*a + 105. Give k(r).
6
Let m(g) = -16*g**